{"id":244,"date":"2020-07-14T15:52:43","date_gmt":"2020-07-14T18:52:43","guid":{"rendered":"https:\/\/tienda.techdinecom.net\/?post_type=product&#038;p=244"},"modified":"2025-09-14T23:42:03","modified_gmt":"2025-09-15T02:42:03","slug":"pack-web-standard","status":"publish","type":"product","link":"https:\/\/tienda.techdinecom.net\/?product=pack-web-standard","title":{"rendered":"Pack Standard para Emprendimientos"},"content":{"rendered":"<p>Servicios de <strong>Proyecto Web, Asesor\u00eda y Servicio T\u00e9cnico<\/strong><strong>\u00a0IT<\/strong> para Emprendedores\/Pymes<\/p>\n<p><strong>\u00bfC\u00f3mo se abona este paquete integral de servicios?, usted deber\u00e1 pagar un<\/strong>:<\/p>\n<p><strong>MONTO INICIAL (Apertura e Inicio de Contrato): <\/strong>Este es el valor reflejado en esta publicaci\u00f3n, y esta destinado a la activaci\u00f3n de su servicio de configuraciones iniciales de su sitio web, hosting, dominio y certificado SSL. Este monto puede ser pagado con tarjeta de cr\u00e9dito.<br \/>\n<strong>MONTO MENSUAL<\/strong>: Son un total de <strong>en 12 cuotas<\/strong><strong>,<\/strong> el monto a pagar mensualmente, por todos los honorarios de servicios profesionales incluidos en el paquete; al valor se encuentra expresado y accesible en nuestra tienda virtual bajo el nombre: <strong>\u00ab<span style=\"color: #0000ff;\">Cuota Mensual<\/span> <span style=\"color: #0000ff;\">Pack Standard para Emprendimientos<\/span>\u00ab. Se comienza a abonar al mes siguiente de la firma de contrato.<\/strong><\/p>\n<p>Todas nuestras p\u00e1ginas web son din\u00e1micas y autoadministrables. Este paquete incluye:<\/p>\n<ul>\n<li>Dise\u00f1o Web WordPress (<strong>hasta 8 Pesta\u00f1as o solapas en total<\/strong>).<\/li>\n<li>Adaptado a Smartphone y Tablets (modelo responsivo).<\/li>\n<li>Dise\u00f1o Preestablecido para nuestros clientes (ya contamos con un dise\u00f1o base sobre el cual se dise\u00f1a su portal agilizando tiempos).<\/li>\n<li>1 formulario de Contacto y 1 formulario para captar Leads desde las redes sociales.<\/li>\n<li>1 galer\u00eda de Fotos o Portafolio.<\/li>\n<li>1 galer\u00eda de Videos vinculados con Youtube.<\/li>\n<li>1 secci\u00f3n Mostrar Productos o Servicios ofrecidos por usted.<\/li>\n<li>1 secci\u00f3n Mostrar Descargas de archivos (encaso de que aplique para su tipo de negocio).<\/li>\n<li>Creaci\u00f3n y configuraci\u00f3n de hasta <strong>15 correos<\/strong> corporativos personalizados.<\/li>\n<li>Optimizaci\u00f3n de <strong>SEO<\/strong> para principales motores de b\u00fasqueda, Mapa de Google, integraci\u00f3n con <strong>Google Negocios<\/strong>.<\/li>\n<li>Configuraci\u00f3n de <strong>Back-Office y plugins<\/strong> para Administrar la p\u00e1gina.<\/li>\n<li><strong>Incluye Hosting + Dominio (.com , .net , .org) + Certificado SSL para el dominio y subdominios<\/strong> asociados a su sitio web por<strong> <span style=\"color: #0000ff;\">periodo de 1 a\u00f1o de vigencia<\/span>.<\/strong><\/li>\n<li><b>Elementor Pro (Versi\u00f3n Premium de este representativo plugin) por <span style=\"color: #0000ff;\">1 A\u00f1o de vigencia<\/span>.<\/b><\/li>\n<li><strong>El tema que desarrollamos para nuestros clientes es configurable.<\/strong><\/li>\n<li>Servicio de Webmaster.<\/li>\n<li>Creaci\u00f3n de Contenido para sus Redes Sociales y para su canal de Youtube.<\/li>\n<li>Creaci\u00f3n de Papeler\u00eda y Formatos Digitales estandarizados para la gesti\u00f3n de su negocio.<\/li>\n<li><strong>Platillas personalizadas<\/strong> para: Microsoft Word, Excel y Powerpoint.<\/li>\n<li>Publicaciones publicitarias para su negocio.<\/li>\n<li>Manejo de Google Ads.<\/li>\n<li>Servicio de Mantenimiento Preventivo para las PC o Notebooks de su oficina (Servicio ofrecido de forma remota). Incluye <strong><span style=\"color: #0000ff;\">revisi\u00f3n t\u00e9cnica 1 vez al mes<\/span><\/strong>.<\/li>\n<\/ul>\n<p class=\"whitespace-normal break-words\">El servicio tiene precio establecido en <strong>d\u00f3lares estadounidenses (USD)<\/strong> y se encuentran siempre actualizados en nuestra tienda virtual.<\/p>\n<p class=\"whitespace-normal break-words\"><strong>MONTO MENSUAL (Monto Vigente)<\/strong>: El monto a pagar mensualmente por concepto de honorarios profesionales de todo lo incluido en el paquete de emprendedores. Se comienza a abonar al mes siguiente de la firma de contrato.<\/p>\n<p class=\"whitespace-normal break-words\"><strong>FORMAS DE PAGO:<\/strong><\/p>\n<ul class=\"[&amp;:not(:last-child)_ul]:pb-1 [&amp;:not(:last-child)_ol]:pb-1 list-disc space-y-1.5 pl-7\">\n<li class=\"whitespace-normal break-words\"><strong>Para Argentina<\/strong>: Puedes acceder mes a mes a nuestra tienda virtual para efectuar el pago. Si abonas en <strong>pesos argentinos<\/strong>, nuestra plataforma convertir\u00e1 autom\u00e1ticamente el monto a la tasa del d\u00eda a trav\u00e9s de la <strong>pasarela de pagos Mercado Pago<\/strong>. Aceptamos tarjetas de cr\u00e9dito, d\u00e9bito y transferencia bancaria.<\/li>\n<li class=\"whitespace-normal break-words\"><strong>Para el extranjero<\/strong>: Los pagos se realizar\u00e1n a trav\u00e9s de <strong>PayPal<\/strong> o <strong>Transferencia Bancaria<\/strong>.<\/li>\n<\/ul>\n<p class=\"whitespace-normal break-words\"><strong>De igual manera recibir\u00e1s mes a mes un recordatorio con los datos necesarios para efectivizar tu pago<\/strong>. Este pago es totalmente independiente al pago realizado por Servicio de Hosting y dominio en caso de as\u00ed requerirlo el proyecto.<\/p>\n","protected":false},"excerpt":{"rendered":"<p>Servicios de <strong>Proyecto Web, Asesor\u00eda y Servicio T\u00e9cnico<\/strong><strong>\u00a0IT<\/strong> para Emprendedores\/Pymes<\/p>\n<p><strong>\u00bfC\u00f3mo se abona este paquete integral de servicios?, usted deber\u00e1 pagar un<\/strong>:<\/p>\n<p><strong>MONTO INICIAL (Apertura e Inicio de Contrato): <\/strong>Este es el valor reflejado en esta publicaci\u00f3n, y esta destinado a la activaci\u00f3n de su servicio de configuraciones iniciales de su sitio web, hosting, dominio y certificado SSL. Este monto puede ser pagado en cuotas con tarjeta de cr\u00e9dito.<br \/>\n<strong>MONTO MENSUAL<\/strong>: Son un total de <strong>en 12 cuotas<\/strong><strong>,<\/strong> el monto a pagar mensualmente, por todos los servicios profesionales incluidos en el paquete; al valor se encuentra expresado y accesible en nuestra tienda virtual bajo el nombre: <strong>\u00ab<span style=\"color: #0000ff;\">Cuota Mensual<\/span> <span style=\"color: #0000ff;\">Pack Standard para Emprendimientos<\/span>\u00ab. Se comienza a abonar al mes siguiente de la firma de contrato.<\/strong><\/p>\n<p>&nbsp;<\/p>\n<p class=\"whitespace-normal break-words\">El servicio tiene precio establecido en <strong>d\u00f3lares estadounidenses (USD)<\/strong> y se encuentran siempre actualizados en nuestra tienda virtual.<\/p>\n<p class=\"whitespace-normal break-words\"><strong>MONTO MENSUAL (Monto Vigente)<\/strong>: El monto a pagar mensualmente por concepto de honorarios profesionales de todo lo incluido en el paquete de emprendedores. Se comienza a abonar al mes siguiente de la firma de contrato.<\/p>\n<p class=\"whitespace-normal break-words\"><strong>FORMAS DE PAGO:<\/strong><\/p>\n<ul class=\"[&amp;:not(:last-child)_ul]:pb-1 [&amp;:not(:last-child)_ol]:pb-1 list-disc space-y-1.5 pl-7\">\n<li class=\"whitespace-normal break-words\"><strong>Para Argentina<\/strong>: Puedes acceder mes a mes a nuestra tienda virtual para efectuar el pago. Si abonas en <strong>pesos argentinos<\/strong>, nuestra plataforma convertir\u00e1 autom\u00e1ticamente el monto a la tasa del d\u00eda a trav\u00e9s de la <strong>pasarela de pagos Mercado Pago<\/strong>. Aceptamos tarjetas de cr\u00e9dito, d\u00e9bito y transferencia bancaria.<\/li>\n<li class=\"whitespace-normal break-words\"><strong>Para el extranjero<\/strong>: Los pagos se realizar\u00e1n a trav\u00e9s de <strong>PayPal<\/strong> o <strong>Transferencia Bancaria<\/strong>.<\/li>\n<\/ul>\n<p class=\"whitespace-normal break-words\"><strong>De igual manera recibir\u00e1s mes a mes un recordatorio con los datos necesarios para efectivizar tu pago<\/strong>. Este pago es totalmente independiente al pago realizado por Servicio de Hosting y dominio en caso de as\u00ed requerirlo el proyecto.<\/p>\n","protected":false},"featured_media":1069,"comment_status":"closed","ping_status":"closed","template":"","meta":{"site-sidebar-layout":"default","site-content-layout":"default","ast-site-content-layout":"default","site-content-style":"default","site-sidebar-style":"default","ast-global-header-display":"","ast-banner-title-visibility":"","ast-main-header-display":"","ast-hfb-above-header-display":"","ast-hfb-below-header-display":"","ast-hfb-mobile-header-display":"","site-post-title":"","ast-breadcrumbs-content":"","ast-featured-img":"","footer-sml-layout":"","ast-disable-related-posts":"","theme-transparent-header-meta":"default","adv-header-id-meta":"","stick-header-meta":"","header-above-stick-meta":"","header-main-stick-meta":"","header-below-stick-meta":"","astra-migrate-meta-layouts":"set","ast-page-background-enabled":"default","ast-page-background-meta":{"desktop":{"background-color":"","background-image":"","background-repeat":"repeat","background-position":"center center","background-size":"auto","background-attachment":"scroll","background-type":"","background-media":"","overlay-type":"","overlay-color":"","overlay-opacity":"","overlay-gradient":""},"tablet":{"background-color":"","background-image":"","background-repeat":"repeat","background-position":"center center","background-size":"auto","background-attachment":"scroll","background-type":"","background-media":"","overlay-type":"","overlay-color":"","overlay-opacity":"","overlay-gradient":""},"mobile":{"background-color":"","background-image":"","background-repeat":"repeat","background-position":"center center","background-size":"auto","background-attachment":"scroll","background-type":"","background-media":"","overlay-type":"","overlay-color":"","overlay-opacity":"","overlay-gradient":""}},"ast-content-background-meta":{"desktop":{"background-color":"var(--ast-global-color-5)","background-image":"","background-repeat":"repeat","background-position":"center center","background-size":"auto","background-attachment":"scroll","background-type":"","background-media":"","overlay-type":"","overlay-color":"","overlay-opacity":"","overlay-gradient":""},"tablet":{"background-color":"var(--ast-global-color-5)","background-image":"","background-repeat":"repeat","background-position":"center center","background-size":"auto","background-attachment":"scroll","background-type":"","background-media":"","overlay-type":"","overlay-color":"","overlay-opacity":"","overlay-gradient":""},"mobile":{"background-color":"var(--ast-global-color-5)","background-image":"","background-repeat":"repeat","background-position":"center center","background-size":"auto","background-attachment":"scroll","background-type":"","background-media":"","overlay-type":"","overlay-color":"","overlay-opacity":"","overlay-gradient":""}}},"product_brand":[],"product_cat":[30],"product_tag":[33,131,46,47,31,48],"class_list":{"0":"post-244","1":"product","2":"type-product","3":"status-publish","4":"has-post-thumbnail","6":"product_cat-websites-nube","7":"product_tag-desarrollo-web","8":"product_tag-pack-emprededores","9":"product_tag-pagina","10":"product_tag-pagina-web","11":"product_tag-webmaster","12":"product_tag-website","13":"desktop-align-left","14":"tablet-align-left","15":"mobile-align-left","16":"ast-product-gallery-layout-horizontal-slider","17":"ast-product-gallery-with-no-image","18":"ast-product-tabs-layout-horizontal","20":"first","21":"instock","22":"virtual","23":"purchasable","24":"product-type-simple"},"_links":{"self":[{"href":"https:\/\/tienda.techdinecom.net\/index.php?rest_route=\/wp\/v2\/product\/244","targetHints":{"allow":["GET"]}}],"collection":[{"href":"https:\/\/tienda.techdinecom.net\/index.php?rest_route=\/wp\/v2\/product"}],"about":[{"href":"https:\/\/tienda.techdinecom.net\/index.php?rest_route=\/wp\/v2\/types\/product"}],"replies":[{"embeddable":true,"href":"https:\/\/tienda.techdinecom.net\/index.php?rest_route=%2Fwp%2Fv2%2Fcomments&post=244"}],"wp:featuredmedia":[{"embeddable":true,"href":"https:\/\/tienda.techdinecom.net\/index.php?rest_route=\/wp\/v2\/media\/1069"}],"wp:attachment":[{"href":"https:\/\/tienda.techdinecom.net\/index.php?rest_route=%2Fwp%2Fv2%2Fmedia&parent=244"}],"wp:term":[{"taxonomy":"product_brand","embeddable":true,"href":"https:\/\/tienda.techdinecom.net\/index.php?rest_route=%2Fwp%2Fv2%2Fproduct_brand&post=244"},{"taxonomy":"product_cat","embeddable":true,"href":"https:\/\/tienda.techdinecom.net\/index.php?rest_route=%2Fwp%2Fv2%2Fproduct_cat&post=244"},{"taxonomy":"product_tag","embeddable":true,"href":"https:\/\/tienda.techdinecom.net\/index.php?rest_route=%2Fwp%2Fv2%2Fproduct_tag&post=244"}],"curies":[{"name":"wp","href":"https:\/\/api.w.org\/{rel}","templated":true}]}}