{"id":1169,"date":"2026-05-11T19:39:31","date_gmt":"2026-05-11T22:39:31","guid":{"rendered":"https:\/\/tienda.techdinecom.net\/?product=programacion-web-fullstack-e-introduccion-a-nuevas-tecnologias"},"modified":"2026-05-11T19:43:25","modified_gmt":"2026-05-11T22:43:25","slug":"programacion-web-fullstack-e-introduccion-a-nuevas-tecnologias","status":"publish","type":"product","link":"https:\/\/tienda.techdinecom.net\/?product=programacion-web-fullstack-e-introduccion-a-nuevas-tecnologias","title":{"rendered":"Programaci\u00f3n Web FullStack e Introducci\u00f3n a Nuevas Tecnolog\u00edas"},"content":{"rendered":"<p class=\"text-justify\">Aprender\u00e1s todo lo necesario para desenvolverte de forma independiente en el dise\u00f1o, Gesti\u00f3n, Mantenimiento, Manipulaci\u00f3n y Reingenier\u00eda de sitios web. <\/p>\n<p class=\"text-justify\">El curso consta de 8 M\u00f3dulos con certificaciones individuales, cada m\u00f3dulo consta de: Unidades Independientes a Desarrollar, Actividades finales evaluadas y Actividades continuas a realizar por el alumno. Al completar y aprobar todos los m\u00f3dulos recibir\u00e1 una certificaci\u00f3n global como: <strong>Desarrollador Fullstack PHP y Gestor de Administrador de Web Hosting<\/strong>.<\/p>\n","protected":false},"excerpt":{"rendered":"<p>Aprender\u00e1s todo lo necesario para desenvolverte de forma independiente en el dise\u00f1o, Gesti\u00f3n, Mantenimiento, Manipulaci\u00f3n y Reingenier\u00eda de sitios web. El curso consta de 8 M\u00f3dulos con certificaciones individuales, cada m\u00f3dulo consta de: Unidades Independientes a Desarrollar, Actividades finales evaluadas y Actividades continuas a realizar por el alumno. Al completar y aprobar todos los m\u00f3dulos [&hellip;]<\/p>\n","protected":false},"featured_media":0,"comment_status":"open","ping_status":"closed","template":"","meta":{"site-sidebar-layout":"default","site-content-layout":"","ast-site-content-layout":"default","site-content-style":"default","site-sidebar-style":"default","ast-global-header-display":"","ast-banner-title-visibility":"","ast-main-header-display":"","ast-hfb-above-header-display":"","ast-hfb-below-header-display":"","ast-hfb-mobile-header-display":"","site-post-title":"","ast-breadcrumbs-content":"","ast-featured-img":"","footer-sml-layout":"","ast-disable-related-posts":"","theme-transparent-header-meta":"","adv-header-id-meta":"","stick-header-meta":"","header-above-stick-meta":"","header-main-stick-meta":"","header-below-stick-meta":"","astra-migrate-meta-layouts":"default","ast-page-background-enabled":"default","ast-page-background-meta":{"desktop":{"background-color":"","background-image":"","background-repeat":"repeat","background-position":"center center","background-size":"auto","background-attachment":"scroll","background-type":"","background-media":"","overlay-type":"","overlay-color":"","overlay-opacity":"","overlay-gradient":""},"tablet":{"background-color":"","background-image":"","background-repeat":"repeat","background-position":"center center","background-size":"auto","background-attachment":"scroll","background-type":"","background-media":"","overlay-type":"","overlay-color":"","overlay-opacity":"","overlay-gradient":""},"mobile":{"background-color":"","background-image":"","background-repeat":"repeat","background-position":"center center","background-size":"auto","background-attachment":"scroll","background-type":"","background-media":"","overlay-type":"","overlay-color":"","overlay-opacity":"","overlay-gradient":""}},"ast-content-background-meta":{"desktop":{"background-color":"var(--ast-global-color-5)","background-image":"","background-repeat":"repeat","background-position":"center center","background-size":"auto","background-attachment":"scroll","background-type":"","background-media":"","overlay-type":"","overlay-color":"","overlay-opacity":"","overlay-gradient":""},"tablet":{"background-color":"var(--ast-global-color-5)","background-image":"","background-repeat":"repeat","background-position":"center center","background-size":"auto","background-attachment":"scroll","background-type":"","background-media":"","overlay-type":"","overlay-color":"","overlay-opacity":"","overlay-gradient":""},"mobile":{"background-color":"var(--ast-global-color-5)","background-image":"","background-repeat":"repeat","background-position":"center center","background-size":"auto","background-attachment":"scroll","background-type":"","background-media":"","overlay-type":"","overlay-color":"","overlay-opacity":"","overlay-gradient":""}}},"product_brand":[],"product_cat":[16],"product_tag":[],"class_list":{"0":"post-1169","1":"product","2":"type-product","3":"status-publish","5":"product_cat-educacion-capacitacion","6":"desktop-align-left","7":"tablet-align-left","8":"mobile-align-left","9":"ast-product-gallery-layout-horizontal-slider","10":"ast-product-gallery-with-no-image","11":"ast-product-tabs-layout-horizontal","13":"first","14":"instock","15":"virtual","16":"purchasable","17":"product-type-simple"},"_links":{"self":[{"href":"https:\/\/tienda.techdinecom.net\/index.php?rest_route=\/wp\/v2\/product\/1169","targetHints":{"allow":["GET"]}}],"collection":[{"href":"https:\/\/tienda.techdinecom.net\/index.php?rest_route=\/wp\/v2\/product"}],"about":[{"href":"https:\/\/tienda.techdinecom.net\/index.php?rest_route=\/wp\/v2\/types\/product"}],"replies":[{"embeddable":true,"href":"https:\/\/tienda.techdinecom.net\/index.php?rest_route=%2Fwp%2Fv2%2Fcomments&post=1169"}],"wp:attachment":[{"href":"https:\/\/tienda.techdinecom.net\/index.php?rest_route=%2Fwp%2Fv2%2Fmedia&parent=1169"}],"wp:term":[{"taxonomy":"product_brand","embeddable":true,"href":"https:\/\/tienda.techdinecom.net\/index.php?rest_route=%2Fwp%2Fv2%2Fproduct_brand&post=1169"},{"taxonomy":"product_cat","embeddable":true,"href":"https:\/\/tienda.techdinecom.net\/index.php?rest_route=%2Fwp%2Fv2%2Fproduct_cat&post=1169"},{"taxonomy":"product_tag","embeddable":true,"href":"https:\/\/tienda.techdinecom.net\/index.php?rest_route=%2Fwp%2Fv2%2Fproduct_tag&post=1169"}],"curies":[{"name":"wp","href":"https:\/\/api.w.org\/{rel}","templated":true}]}}